{"id":649,"date":"2018-04-23T09:45:52","date_gmt":"2018-04-23T09:45:52","guid":{"rendered":"http:\/\/festivalbdnimes.com\/?page_id=649"},"modified":"2023-04-18T13:44:48","modified_gmt":"2023-04-18T13:44:48","slug":"infos-dedicaces","status":"publish","type":"page","link":"https:\/\/festivalbdnimes.com\/index.php\/infos-dedicaces\/","title":{"rendered":"D\u00c9DICACES"},"content":{"rendered":"<p><span style=\"color: #000000;\"><strong>Les auteurs pr\u00e9sents sont r\u00e9partis sur les espaces d\u00e9dicaces des 4 librairies du Festival.<\/strong><\/span><\/p>\n<p><span style=\"color: #000000;\"><strong>Les albums des auteurs sont disponibles \u00e0 la vente sur place.<\/strong><\/span><\/p>\n<p><span style=\"color: #000000;\">La r\u00e9partition des auteurs par espace sera disponible prochainement sur le Plan du Festival (cf menu).<\/span><\/p>\n<p><span style=\"color: #e40613;\"><strong>1 album achet\u00e9 sur l&rsquo;un des 4 espace librairies = 2 pass pour les d\u00e9dicaces de votre choix (valables sur les 4 espaces d\u00e9dicace des librairies)<\/strong><\/span><\/p>\n<ul>\n<li><span style=\"color: #000000;\">Certains auteurs pourront d\u00e9dicacer selon des horaires pr\u00e9cis qui vous seront communiqu\u00e9s sur le lieu du festival.<\/span><\/li>\n<li><span style=\"color: #000000;\">Pour des raisons de s\u00e9curit\u00e9, aucun sac sans surveillance ne sera tol\u00e9r\u00e9. Les sacs abandonn\u00e9s par leurs propri\u00e9taires seront ramass\u00e9s et d\u00e9pos\u00e9s \u00e0 l&rsquo;accueil du Festival.<\/span><\/li>\n<li><span style=\"color: #000000;\">Les auteurs pr\u00e9sents au Festival peuvent participer \u00e0 des rencontres sur le Forum BD et\/ou \u00e0 des animations durant les 3 jours de l&rsquo;\u00e9v\u00e9nement.<\/span><\/li>\n<li><span style=\"color: #000000;\">Pas de d\u00e9dicace sur livre d&rsquo;or et feuilles volantes<\/span><\/li>\n<li><span style=\"color: #000000;\">La courtoisie et la biens\u00e9ance sont les bienvenues dans les files d&rsquo;attente<\/span><\/li>\n<\/ul>\n<p><span style=\"color: #000000;\"><strong>\u00c0 tous, Bon Festival !<\/strong><\/span><\/p>\n","protected":false},"excerpt":{"rendered":"<p>Les auteurs pr\u00e9sents sont r\u00e9partis sur les espaces d\u00e9dicaces des 4 librairies du Festival. Les albums des auteurs sont disponibles \u00e0 la vente sur place. La r\u00e9partition des auteurs par espace sera disponible prochainement sur le Plan du Festival (cf menu). 1 album achet\u00e9 sur l&rsquo;un des 4 espace librairies = 2 pass pour les  &#8230;<\/p>\n","protected":false},"author":1,"featured_media":0,"parent":0,"menu_order":0,"comment_status":"closed","ping_status":"closed","template":"","meta":[],"aioseo_notices":[],"_links":{"self":[{"href":"https:\/\/festivalbdnimes.com\/index.php\/wp-json\/wp\/v2\/pages\/649"}],"collection":[{"href":"https:\/\/festivalbdnimes.com\/index.php\/wp-json\/wp\/v2\/pages"}],"about":[{"href":"https:\/\/festivalbdnimes.com\/index.php\/wp-json\/wp\/v2\/types\/page"}],"author":[{"embeddable":true,"href":"https:\/\/festivalbdnimes.com\/index.php\/wp-json\/wp\/v2\/users\/1"}],"replies":[{"embeddable":true,"href":"https:\/\/festivalbdnimes.com\/index.php\/wp-json\/wp\/v2\/comments?post=649"}],"version-history":[{"count":21,"href":"https:\/\/festivalbdnimes.com\/index.php\/wp-json\/wp\/v2\/pages\/649\/revisions"}],"predecessor-version":[{"id":792,"href":"https:\/\/festivalbdnimes.com\/index.php\/wp-json\/wp\/v2\/pages\/649\/revisions\/792"}],"wp:attachment":[{"href":"https:\/\/festivalbdnimes.com\/index.php\/wp-json\/wp\/v2\/media?parent=649"}],"curies":[{"name":"wp","href":"https:\/\/api.w.org\/{rel}","templated":true}]}}

DÉDICACES

<p><span style="color: #000000;"><strong>Les auteurs présents sont répartis sur les espaces dédicaces des 4 librairies du Festival.</strong></span></p>
<p><span style="color: #000000;"><strong>Les albums des auteurs sont disponibles à la vente sur place.</strong></span></p>
<p><span style="color: #000000;">La répartition des auteurs par espace sera disponible prochainement sur le Plan du Festival (cf menu).</span></p>
<p><span style="color: #e40613;"><strong>1 album acheté sur l&rsquo;un des 4 espace librairies = 2 pass pour les dédicaces de votre choix (valables sur les 4 espaces dédicace des librairies)</strong></span></p>
<ul>
<li><span style="color: #000000;">Certains auteurs pourront dédicacer selon des horaires précis qui vous seront communiqués sur le lieu du festival.</span></li>
<li><span style="color: #000000;">Pour des raisons de sécurité, aucun sac sans surveillance ne sera toléré. Les sacs abandonnés par leurs propriétaires seront ramassés et déposés à l&rsquo;accueil du Festival.</span></li>
<li><span style="color: #000000;">Les auteurs présents au Festival peuvent participer à des rencontres sur le Forum BD et/ou à des animations durant les 3 jours de l&rsquo;événement.</span></li>
<li><span style="color: #000000;">Pas de dédicace sur livre d&rsquo;or et feuilles volantes</span></li>
<li><span style="color: #000000;">La courtoisie et la bienséance sont les bienvenues dans les files d&rsquo;attente</span></li>
</ul>
<p><span style="color: #000000;"><strong>À tous, Bon Festival !</strong></span></p>

<p>Les auteurs présents sont répartis sur les espaces dédicaces des 4 librairies du Festival. Les albums des auteurs sont disponibles à la vente sur place. La répartition des auteurs par espace sera disponible prochainement sur le Plan du Festival (cf menu). 1 album acheté sur l&rsquo;un des 4 espace librairies = 2 pass pour les  &#8230;</p>
